actor of c and u?
10
Suppose 2*j - 45 = -3*s, -25*j + 21*j + 110 = 2*s. Calculate the highest common divisor of 190 and j.
10
Let u(k) = -k**3 + 9*k + 27. Let i be u(-3). Suppose -3 = 2*y + 1. Let v be (3/y)/(1/(-2)). Calculate the greatest common factor of v and i.
3
Suppose 8*a = 4*a + 160. Let d be ((-18)/8)/(33/(-88)). Let u(n) = 17*n - 2. Let y be u(d). Calculate the highest common divisor of a and y.
20
Suppose 0 = 5*k + 2*v - 9521, 1657 = 3*k - 2*v - 4062. What is the greatest common divisor of 15 and k?
15
Suppose -204 = -0*h - 2*h + 5*c, -256 = -3*h - 5*c. Let w = 137 - 114. What is the highest common divisor of w and h?
23
Suppose -12*p = -49*p + 5698. Suppose -3*d - 4*t + 50 = 0, -8*d + 4*d - 3*t = -62. What is the highest common divisor of d and p?
14
Let i be 38/6*(-234 + 240). What is the highest common factor of 1805 and i?
19
Let t = -227 + 235. What is the greatest common divisor of 8 and t?
8
Let j(r) = -10*r - 27. Let f be j(-3). Let h be f*(-48)/(-3 + -1). Calculate the highest common factor of 180 and h.
36
Let d be ((-1660)/(-15))/(-1 + 10/6). Suppose 3*w = 12, 0 = -3*b - 2*w + d + 13. Calculate the highest common divisor of b and 456.
57
Suppose -2*p + 9 - 1 = 0. Suppose -3*f - 4*h + 34 = 0, 2*f - p*h + 8 = h. What is the greatest common factor of f and 3?
3
Suppose -5*v + 4*w + 280 = -w, -2 = -w. Let s = v - 37. Suppose -2*o = -4*o + x + 331, -4*o + x = -667. Calculate the highest common factor of s and o.
21
Suppose 4*n - l + 4*l = 280, -3*n - 2*l + 210 = 0. What is the highest common factor of 1120 and n?
70
Let h be (22/4)/((-5)/(-100)). Suppose -79 = -p + h. What is the highest common factor of p and 21?
21
Let c = 2 - -4. Suppose 4*h + s - 479 - 39 = 0, 3*s + c = 0. Let j(d) = -d**2 - 20*d - 49. Let a be j(-15). Calculate the highest common divisor of a and h.
26
Let s(o) = -4*o - 31. Let h be s(-9). Suppose h*g - 28 = -l, 5*g = g + 8. Calculate the highest common factor of l and 24.
6
Let t be (198/(-4))/(1/(-2)). Suppose 9*r - 14*r + 5 = 0. Let v be ((-25)/75)/(2/(-66)*r). What is the greatest common divisor of v and t?
11
Let p(t) = -t**3 - 11*t**2 + 19*t + 29. Let y be p(-13). What is the highest common divisor of 1020 and y?
60
Let s = -2 - -44. Let t = -27 - -13. Let g = t + 28. Calculate the highest common divisor of s and g.
14
Suppose 0 = -68*n + 60*n + 496. What is the highest common factor of n and 310?
62
Let j = 554 - 92. What is the greatest common divisor of 14 and j?
14
Let t be 12/22 - (-17640)/330. Calculate the greatest common factor of t and 6.
6
Let m be -249 + (0/2)/(-4). Let s be 3/(-5) - m/15. What is the greatest common factor of 12 and s?
4
Suppose 0 = -m + 4*m - 132. Let h(b) = 2*b**2 + 5*b - 1. Let w be 4 + -7 + (-2 - -1). Let a be h(w). What is the greatest common factor of m and a?
11
Let v be (-1 + 34)/(15*(-16)/(-80)). Calculate the greatest common factor of v and 187.
11
Suppose 0 = -2*p - 20 + 24. Suppose 4*n - 28 = -5*i + p*n, -28 = -4*i - 3*n. Let q = 13 + 7. Calculate the greatest common factor of q and i.
4
Suppose -15*o + 1273 + 602 = 0. What is the greatest common divisor of o and 50?
25
Let f(q) = q**2 - 60*q + 536. Let l be f(10). What is the highest common divisor of 708 and l?
12
Suppose -6*t = -438 - 42. Calculate the highest common divisor of t and 32.
16
Let d = -15 + 41. Let g = d - -3. Let f(t) = -30*t - 365. Let l be f(-17). Calculate the highest common divisor of l and g.
29
Suppose -3*v + 81 = -4*u + 7*u, -2*u + 84 = 3*v. What is the highest common factor of 560 and v?
10
Let w = 1382 + -785. Calculate the highest common factor of 3 and w.
3
Suppose -u - 43 + 283 = 0. Let y = 63 - 61. Suppose -166 = -5*i - 4*x, -y*i - 12*x + 8*x = -76. What is the greatest common divisor of u and i?
30
Let o be (2 + 1)*1 + -1. Suppose -o*m - 89 = -663. What is the greatest common factor of m and 41?
41
Let l = 232 + -164. Suppose 2*c - 6*z - l = -3*z, z = -4. Calculate the highest common divisor of 7 and c.
7
Suppose 2*k = -5*j + 199 + 226, -440 = -5*j + k. What is the greatest common divisor of 6 and j?
3
Suppose 178 = 3*f + 8*o - 10*o, 4*f + o - 241 = 0. What is the greatest common factor of 3060 and f?
60
Let l(m) = m**2 + 9*m + 10. Suppose -11*q = -0*q + 121. Let o be l(q). Calculate the highest common divisor of o and 112.
16
Let k be 98/6 + (-2)/(-3). Suppose 0 = 178*b - 61*b - 1989. What is the highest common factor of b and k?
17
Suppose -6*h = 15*h - 16884. What is the highest common factor of h and 24?
12
Let i = -62 - -90. Let f(y) = -y**3 + 27*y**2 + 31*y - 3. Let b be f(i). What is the highest common factor of 9 and b?
9
Let z(p) = -p**3 + 3*p**2 + 4*p - 1. Let a be z(3). Suppose 33 = -j + 110. What is the highest common factor of a and j?
11
Let p(r) = -r**3 - 40*r**2 - 300*r + 10. Let a be p(-30). Let q be 3/(-12) + (-963)/(-12). Calculate the highest common divisor of a and q.
10
Let t = 171 - 101. What is the highest common factor of 28 and t?
14
Suppose -9*q + 160 + 29 = 0. Let z be q/(-3)*-2 - 1. Calculate the highest common divisor of 104 and z.
13
Suppose 24*b = -c + 29*b - 4, 0 = 5*c - 5*b. Suppose -y = 3*u + 6, -u + 10 = 4*y - 21. Calculate the highest common divisor of y and c.
1
Let a be 3/(-15) - ((-692)/10 - -4). What is the highest common divisor of a and 104?
13
Suppose -5*f - 3*y = -198, -4*y - 113 = 7*f - 10*f. What is the greatest common divisor of f and 12?
3
Suppose -31*k = -34*k + 432. What is the greatest common divisor of k and 120?
24
Let n(t) = -83*t - 153. Let b be n(-2). What is the greatest common divisor of 533 and b?
13
Suppose 12 = -3*k, 1752 = 21*w - 16*w + 2*k. Calculate the highest common factor of w and 22.
22
Let o = -22 + 15. Let c = 27 + o. Let s = 3009 + -2909. What is the highest common divisor of s and c?
20
Let t(r) = -r**3 + 25*r**2 + 56*r - 42. Let c be t(27). What is the highest common divisor of 720 and c?
12
Let v = -98 - -145. Let n = v - -61. Suppose 3*z = 12 + n. Calculate the highest common factor of z and 8.
8
Let l be -3 + 22 + (-22)/(-2). Calculate the greatest common factor of 222 and l.
6
Let i be (12/(-15))/(2/(-80)). Suppose t = -q + 22, 0 = -6*t + 3*t - q + 70. What is the greatest common factor of i and t?
8
Let q(b) = b**2 - 3*b - 21. Let a(p) = 5*p**2 - 16*p - 104. Let x(m) = -2*a(m) + 11*q(m). Let t be x(-5). Calculate the greatest common factor of 14 and t.
7
Let i = -4 + 8. Suppose 7*m + p = 3*m + 11, -4*m + 5*p = -41. Calculate the highest common factor of m and i.
4
Suppose 5*x - 130 = -5*a, 0*a + 2*a = -10. Calculate the highest common factor of x and 279.
31
Let c = 132 + -120. Suppose -16*z = -15*z - c. What is the greatest common factor of 54 and z?
6
Suppose b + 4*z = 0, 4*z - 33 = -5*b + 31. What is the greatest common factor of 9 and b?
1
Suppose -d = 0, -2*t + 4*d + 18 = -4. Let g be t - (3 - 6/2). Let m(l) = l**2 - l + 2. Let n be m(-6). What is the greatest common divisor of n and g?
11
Suppose -583 + 1558 = 25*u. What is the greatest common divisor of 351 and u?
39
Let l = -104 - -120. Calculate the greatest common divisor of l and 368.
16
Suppose 154 = 14*b - 14. Suppose b*j - 2757 = -489. Calculate the highest common factor of j and 21.
21
Let i = 394 + -9. Calculate the highest common divisor of 165 and i.
55
Suppose 54*n + 297 = 55*n. What is the highest common divisor of n and 108?
27
Let c be 194*(-2*6/12)/(-2). What is the greatest common factor of 388 and c?
97
Let x(p) = -p**2 + 11*p + 24. Let i be x(12). Suppose i*k - 208 = 11*k. Calculate the greatest common factor of 16 and k.
16
Let z(x) = 4*x**2 - 11*x + 53. Let d be z(8). What is the highest common divisor of d and 13?
13
Let x be (-5)/(-2 + 12/4) + 19. Let j(h) be the second derivative of 9*h**4/4 + h**3/3 - 4*h. Let d be j(2). What is the greatest common factor of x and d?
14
Suppose -8*j = -4*j - 2*q - 200, 3*j - 4*q = 160. What is the greatest common divisor of 240 and j?
48
Let h(k) be the first derivative of k**3/3 - 9*k**2/2 + 2*k + 16. Let q be h(9). What is the greatest common divisor of q and 2?
2
Let i(b) = -6*b - 16. Suppose -8*y = -7*y + 11. Let s be i(y). Let z be -10*1*(-15)/6. Calculate the greatest common divisor of s and z.
25
Suppose -2*d + 0*u = 2*u - 144, 144 = 2*d - u. Let c(r) = -72*r. Let l be c(-